et w be g(-9). Suppose -2*f = -w*f - 130. Calculate the remainder when f is divided by 17.
14
Let s = -113 + 185. Suppose -a + 2 = -23. What is the remainder when s is divided by a?
22
Let d(p) = -174*p**3 - 3*p**2 - 3*p - 1. Let b be d(-1). Suppose -4*h + 151 = -b. Let i = 3 - -9. What is the remainder when h is divided by i?
9
Suppose -v + 0*i - 3*i = 12, -3*v = -5*i + 64. Let g be ((-1)/(-1))/((-9)/v). Suppose g*t = 5 - 1. What is the remainder when 5 is divided by t?
1
Let g = -852 - -869. What is the remainder when 287 is divided by g?
15
Let d(u) = -u**2 + 12*u + 13. Let l be d(9). Suppose -3*q + 50 = -l. Calculate the remainder when 87 is divided by q.
27
Suppose -210 = -12*q + 330. Suppose 5*i + 9 = 2*w, -5*w + 2*i + 3*i = -q. What is the remainder when 33 is divided by w?
9
Let z(q) = -q**2 - 15*q - 11. Let j be z(-14). Suppose -l + 4*l = s - 7, 0 = 3*s - j*l - 21. What is the remainder when 41 is divided by s?
6
Let f = 1 + 22. Let g = f + -16. What is the remainder when g is divided by 5?
2
Let u = 5 + -5. Suppose -4*k + 104 = -u*k. What is the remainder when 6/((2 - 2) + 24/300) is divided by k?
23
Suppose -2*a + 384 = 2*o, -2*o + 3*a = -174 - 205. What is the remainder when o is divided by 29?
17
Suppose -5*k - 5*p + 1 = -4, 5*k = 2*p - 2. Suppose k*q = 4*q - 20. Suppose -q*y + 237 = 72. Calculate the remainder when y is divided by 9.
6
Suppose 55*v = -4*v + 23364. What is the remainder when v is divided by 101?
93
Suppose 0 = 10*j + 7*j + 1581. Let m = -75 - j. Let b = -75 - -126. What is the remainder when b is divided by m?
15
Suppose -3*u + 4*m + 68 + 41 = 0, 2*u - 3*m - 73 = 0. What is the remainder when 115 is divided by u?
10
Suppose -10 = -2*t + 2. Let i = 5 + 3. Suppose -4*x + i + 60 = 0. What is the remainder when x is divided by t?
5
Suppose -4*a = a - 15. Suppose -3*i + 26 = 5*u, 3*i - u = a - 1. Suppose -2*w - d = -41, -4*d = i*w + 8 - 58. What is the remainder when w is divided by 7?
5
Let b(u) = u + 2. What is the remainder when 1512/162*(-36)/(-7) is divided by b(11)?
9
Calculate the remainder when 718 + (-42)/6 + 14 is divided by 52.
49
Let g = -550 + 554. Calculate the remainder when 29 is divided by g.
1
Let g = 85 + -60. Suppose -26*d + 401 + 1445 = 0. Calculate the remainder when d is divided by g.
21
Suppose -56 = 3*r - 323. What is the remainder when r is divided by 30?
29
Let h = 455 - 447. Calculate the remainder when 279 is divided by h.
7
Let z(l) = l**2 - 5*l - 6. Let s be z(5). Let c(p) = 2. Let f(h) = 7*h - 16. Let o(j) = -4*c(j) - f(j). What is the remainder when o(s) is divided by 17?
16
Let p = -136 - -205. Let o be (0 - 41)/(0 - -1). Calculate the remainder when p is divided by o/(-3) + 8/24.
13
Let o(t) = -2*t**3 + 25*t**2 - 7*t - 23. Calculate the remainder when o(11) is divided by 53.
51
Let m be 12/(-16) - 747/12. Let i = 89 + m. Suppose 3*n + 296 = 6*n - 5*x, 2*x = -5*n + 514. What is the remainder when n is divided by i?
24
What is the remainder when 314 is divided by 6 - 2 - 4 - (3 - 66)?
62
Let a = -548 + 580. Calculate the remainder when 75 is divided by a.
11
Suppose 3*u = 3*d + 711, 0*u - 3*u + 5*d + 705 = 0. Suppose 2*i = 7*i - u. Let k = -17 + 34. What is the remainder when i is divided by k?
14
Let v be ((-2)/9)/(3/(-27)). Suppose -p = 4*s - 5*p - 144, -v*s + 52 = 2*p. Calculate the remainder when s is divided by 8.
7
Suppose -35 = b - 38. Suppose -8*t = b - 35. What is the remainder when 7 is divided by t?
3
Suppose 0 = -3*n + 4 - 7. Let b(i) = -9*i**2 - i. Let a be b(n). Calculate the remainder when (-5)/(100/a)*25 is divided by 6.
4
Suppose -3*f + 91 = k - 63, -f + 2 = 0. Calculate the remainder when k is divided by 33.
16
Suppose -4*v = -2*d - 154, 3*d - 57 = -v - v. Suppose -1 = 3*b - 2*b. What is the remainder when v is divided by b*658/(-49) - 6/14?
10
Let i = 23 - 8. Let r = i - 10. Calculate the remainder when 11 is divided by r.
1
Suppose -197*k + 196*k + 1 = 0, 0 = 3*f + 4*k - 109. What is the remainder when 67 is divided by f?
32
Suppose -4*i = -0*i - 196. Suppose 8*v - 5*t = 1562, 912*v - 786 = 908*v + 5*t. What is the remainder when v is divided by i?
47
Let n be (-2)/(42/(-10) + 4). Calculate the remainder when 17 is divided by (-6)/10 - (-36)/n.
2
Let o = 23 - 26. Let j(m) = -6*m - 1. Let a(s) = -s**3 + s**2 + 65. Calculate the remainder when a(0) is divided by j(o).
14
What is the remainder when (-14 - (-520)/39)*606/(-4) is divided by 6?
5
Suppose 2*a - 1 = 3. Let t = -2 + 6. Let s = t - -2. What is the remainder when s is divided by a?
0
Let r = -80 - -102. Let b = -7 - -12. What is the remainder when r is divided by b?
2
Let a = -294 + 434. Let y = a + -87. Calculate the remainder when y is divided by 27.
26
Let l(o) = -2*o - 5. Let f be l(-4). Suppose 40 = -f*p + 11*p. Suppose 75 = 5*j - p*r, 0 = 2*j + 5*r - 7 + 5. What is the remainder when 65 is divided by j?
10
Let b(o) be the second derivative of 11*o**3/6 - 11*o**2 - 5*o. Calculate the remainder when 97 is divided by b(5).
31
Suppose -563*i + 562*i + 1061 = 0. What is the remainder when i is divided by 18?
17
Suppose 0 = -6*j + 4*j - 24. Let s(v) = v**2 + 3*v + 7. Calculate the remainder when s(j) is divided by 29.
28
Let g be 8/2 + (3 - 1). Calculate the remainder when 2 - (-45)/g*(-32)/(-5) is divided by 13.
11
Let m(h) = -h**2 - 10*h - 3. Suppose -2*s - 2*s = -44. What is the remainder when m(-6) is divided by s?
10
Suppose 12*l - 188 = 16*l. Let t = -22 - l. Suppose -2*v + 3*n + 2 = -t, -2*n - 11 = -v. What is the remainder when 39 is divided by v?
18
Let o(v) = 3*v - 1. Let n = -8 + 10. Suppose 5 = n*s - y, -29 = -s - 5*y - 10. What is the remainder when s is divided by o(1)?
0
Suppose -251*w - 465 = -256*w. Let h(x) = x**2 + x. Calculate the remainder when w is divided by h(-4).
9
Suppose 4*l - 5*l + 23 = 3*w, 0 = 2*w + l - 17. What is the remainder when 288 is divided by w?
0
Suppose -2*q - 96 = -2*h, 2*h = -2*q + 4 + 72. Suppose -9*l = -h - 65. Calculate the remainder when 46 is divided by l.
10
Suppose -21 = -5*i + 39. Suppose f + i = -5*s, 4*s + 7 = -2*f + f. Calculate the remainder when 51 is divided by f.
12
Let j(n) = -2 - 89*n**3 - 7*n**2 - 4*n + 11*n**3 + 5*n**2. Calculate the remainder when j(-1) is divided by 20.
18
Let h(p) = -3*p**3 + 50*p**2 + 20*p - 9. Calculate the remainder when 82 is divided by h(17).
40
Suppose -3*l - 2*s + 46 = -35, 2*l = 3*s + 67. What is the remainder when 143 is divided by l?
27
Let b be (-1)/((-6)/8)*(-15)/2. Let j = -7 - b. Calculate the remainder when 3 is divided by j.
0
Suppose -119*g + 118*g = -8. Let m be (-1 + 2)/(2/8). Suppose -m*a + 36 + 16 = 0. Calculate the remainder when a is divided by g.
5
Calculate the remainder when 167 is divided by (87/(-2))/(57/(-76)).
51
Let v(c) = -86*c - 27. Calculate the remainder when v(-3) is divided by 6.
3
Let o = -112 - -170. Let j = o + -33. Calculate the remainder when j is divided by 9.
7
Suppose -2*g + i + 120 = 2*i, -g - 3*i + 55 = 0. Calculate the remainder when 201 is divided by g.
18
Let k be ((-50)/(-45))/5 - (-2)/(-9). Suppose k = 3*j - 2*g - 105, -4*j + 5*g + 59 = -2*j. Calculate the remainder when 72 is divided by j.
35
Suppose 54*f + 13752 = 72*f. What is the remainder when f is divided by 45?
44
Let g(m) = 2*m**2 + 9*m. Let s(r) = r - 1. Let w be s(-5). Suppose 24 = 4*t - 4. Calculate the remainder when g(w) is divided by t.
4
Suppose -2*z + 60 = 20. Calculate the remainder when z is divided by 2.
0
Let h be (-3)/5 + (-112)/(-20). Let u be (-7 + h)/((-1)/20). Suppose 3*s - 2*f - 114 = f, s + f - u = 0. Calculate the remainder when s is divided by 14.
11
Let r(j) = -3*j - 5. Let l be r(-4). Suppose 4*f = l*f - 2*h - 11, 60 = 5*f + 5*h. Calculate the remainder when (-1 + 14)*(0/3 + 1) is divided by f.
6
Let g = 35 + 19. Let l = -38 + g. Let n(j) = 4*j**2 + 2*j - 1. What is the remainder when n(-3) is divided by l?
13
Suppose 5949*l - 5961*l = -35784. Calculate the remainder when l is divided by 19.
18
Suppose b + 40 = 5*f + 3, -b - 2 = 0. Let l = -829 - -853. What is the remainder when l is divided by f?
3
Suppose -3*o = -4*a - 53, -2 = -2*o - 3*a + 22. Let x be 1709/5 - (-2)/10. What is the remainder when (-10)/15*x/(-4) is divided by o?
12
Let u = 472 - 435. Calculate the remainder when u is divided